, 14*i - 9*i - 2*q - 8 = 0. Suppose -i*m + 572 = 11*m. Calculate the highest common factor of m and 22.
22
Let i(u) = -u**3 + u**2 - 2*u + 4. Let q be i(0). Suppose 0 = g - 1, -4*g + q = 3*z - 6. Suppose -26 = -z*n + 18. What is the highest common factor of 33 and n?
11
Let l = 628 + -563. Let a be ((-18)/4)/(6/(-12)). Suppose a = 3*s - 6. Calculate the highest common divisor of s and l.
5
Suppose -11114 - 2494 = -14*r. Let y be (2/6)/((-2)/(-72)). Calculate the highest common factor of r and y.
12
Suppose 0 = -4*d + 7*o - 9*o + 1578, -2*d = -3*o - 801. Calculate the highest common factor of d and 4851.
99
Let t(n) = 8*n - 15. Let f(l) = -3*l + 5. Let g(u) = 17*f(u) + 6*t(u). Let d be g(-3). Suppose -62 = -d*h - 14. What is the highest common factor of 12 and h?
12
Let j(u) = 50*u**2 - 10*u - 11. Let f be (-1 + 0)*3 - 32/(-16). Let t be j(f). What is the greatest common divisor of t and 245?
49
Let f = 75062 + -74987. Let t = 29 - 4. Calculate the greatest common divisor of t and f.
25
Suppose 19*s - 37*s = 24*s - 1601040. What is the highest common factor of s and 40?
40
Let z(s) = 13*s + 93. Let t be z(-6). Let q(x) = 2*x**3 + 5*x**2 - 2*x - 13. Let c be q(-6). Let d = 358 + c. Calculate the greatest common divisor of t and d.
15
Suppose -o + 5*g + 107 = 0, 117 = o - 100*g + 105*g. Calculate the highest common factor of o and 154.
14
Suppose -f - 2*c + 5 = 0, 0 = 4*c - 7*c. Let v be 1/((-52)/(-48) - (-4 + f)). What is the highest common divisor of v and 132?
12
Let g(y) = -11*y. Let x(o) = -1. Let h(i) = -g(i) - 5*x(i). Let m be h(3). Let z = 475 + -418. Calculate the highest common divisor of m and z.
19
Let p(d) = -d**3 - 83*d**2 - 8*d - 8. Let q be p(-83). Calculate the greatest common divisor of 410 and q.
82
Let i be -19 + (22 - -2314) + -18. What is the highest common factor of 121 and i?
121
Let q(h) = -h**3 - 3. Let p be q(-2). Suppose -1 + 23 = 11*u. Suppose -u*g - 4*l = -82, -g - 2*g - 3*l + 129 = 0. What is the greatest common factor of g and p?
5
Suppose -1554 = -248*a + 1174. Calculate the highest common divisor of a and 39149.
11
Let y be 6 - (4 + -453 - (8 + -1)). Calculate the highest common divisor of y and 336.
42
Suppose 4*u - 27*c - 10518 = -25*c, 3*c - 10523 = -4*u. Calculate the greatest common factor of 70 and u.
10
Suppose 47*y - 6 = 41*y. Calculate the highest common factor of 529 and y.
1
Let x be (-2 + 1)/((-2)/6). Suppose -x*c + 48 = -2*c - 3*k, 0 = -5*c - k + 160. Suppose 653*s + 15285 = 79932. Calculate the greatest common factor of c and s.
33
Let w(l) = -l**3 + 3*l + 407. Let h be w(-17). What is the highest common factor of 22 and h?
11
Let m = -7790 + 7871. Calculate the greatest common divisor of m and 324.
81
Let u = 2542 - -2529. Calculate the highest common divisor of u and 11.
11
Let g be 6/10 - 5796/(-90) - 10. Let q be 11/((-2)/4 + 1). Calculate the greatest common divisor of g and q.
11
Let t = 6066 - 6044. What is the highest common factor of t and 5654?
22
Let c be 150/15 + -7*1. Suppose -3*p - 57*s + 56*s = -57, 3*s = c*p - 69. What is the greatest common factor of p and 20?
20
Let q be 4 - (298 - (2 + -5)). Let a = q - -315. Calculate the greatest common factor of 333 and a.
9
Suppose -22*c - 170883 = -174337. What is the greatest common divisor of c and 15?
1
Let p(k) = 2*k - 9. Let q(s) = s**3 - 2*s**2 - 8*s + 7. Let z be (28/6 + -4)*6. Let a be q(z). Let g be p(a). Calculate the greatest common divisor of 15 and g.
5
Let g = 16096 - 15868. What is the greatest common divisor of g and 996?
12
Suppose 14256 = 16*k + 7*k - 7*k. What is the greatest common factor of k and 165?
33
Let z(r) = r**2 + 83*r + 1475. Let p be z(-60). What is the greatest common factor of p and 931?
19
Let w = 25 + -33. Let s be (-22)/w - (-3)/(-4). Suppose -s*f + 17 = -c, 0*c = 3*c - 3. What is the highest common divisor of 27 and f?
9
Suppose -23*m - 712 = -24*m + 4*u, 1358 = 2*m + 3*u. What is the highest common factor of 559 and m?
43
Let l = 9283 - 9003. What is the highest common divisor of l and 340?
20
Let v = -4 + 9. Let w be (-14)/(-7) - 46*-1. Let s = 32 + w. Calculate the highest common divisor of s and v.
5
Suppose 8*b + 1001 = 2641. Suppose x + 3*i + 2*i = b, -627 = -3*x - 3*i. What is the highest common divisor of 14 and x?
14
Let y(t) = -3*t - 72. Let i be y(-25). Let p be (5 - 0) + i - -4. Let w be p + 1 - (3 - 4). Calculate the greatest common divisor of 182 and w.
14
Let h = 128 + -109. Suppose h*j + 24 = 21*j. What is the greatest common divisor of j and 156?
12
Let h be 4*(-1)/((-8)/158). Suppose 167*k - 52684 = 66053. What is the highest common divisor of h and k?
79
Let j be (4/(-24)*-3)/((1166/440)/53). Let b(d) = 2 - 2 + 1 + 23*d - 2. Let h be b(2). What is the highest common factor of j and h?
5
Let v be 14 + (16 - (-250)/(-10)). Calculate the highest common divisor of 4045 and v.
5
Suppose -18*a - 1417 = -1453. Calculate the greatest common divisor of a and 8.
2
Let t(n) = -36*n + 27. Let b(c) = -c**2 + 13*c - 44. Let o be b(6). Let a be t(o). What is the greatest common factor of 11 and a?
11
Suppose 0*j = -2*j - 6. Let i be j/(9/(-186)) - 4. Suppose 2*q + 0*q = 3*x - 85, 3*x - 3*q - 84 = 0. What is the highest common divisor of i and x?
29
Suppose -3*q + 93 + 111 = 2*a, 0 = -3*q + a + 204. What is the greatest common divisor of q and 9452?
68
Suppose -9*z = -91 - 179. Suppose 4*p = 4*v - 40, -2*v + 25 = 36*p - 39*p. What is the highest common divisor of v and z?
5
Let q be (-1)/(-4) - 39793/52 - 6. Let s = -743 - q. What is the greatest common divisor of 42 and s?
14
Let c = 475 + -385. Suppose -5*h + 593 - c = -2*i, 2*h - 207 = -5*i. What is the highest common divisor of 808 and h?
101
Let k be 8/60*-9*-5. Suppose m + 6 = 3*j - k, j = 4. Suppose -2*n + 5*q = 2*n - 37, -3*q + 9 = m. Calculate the highest common factor of n and 13.
13
Let j(m) = 4*m**2 - 59*m - 528. Let n be j(-23). Calculate the greatest common factor of n and 190.
95
Let d(o) = o**3 - 2*o**2 + 12*o - 7. Let k be d(8). Suppose -31*s = -81 - 260. What is the greatest common factor of k and s?
11
Let v(j) = -1198*j + 1480. Let d be v(-4). What is the greatest common factor of d and 1152?
128
Suppose 5*w - q = -2453, 2*w - 2*q + 965 = -7*q. Let h = w - -751. What is the highest common divisor of h and 29?
29
Let u(z) = 229*z - 10278. Let y be u(57). What is the highest common divisor of 999 and y?
111
Suppose -3*a = 3*y - 0*y, 4*a = 3*y + 28. Suppose -132*u + 158*u - 14040 = 0. Suppose -70 = -61*j + u. Calculate the greatest common factor of a and j.
2
Let v = 3855 + -2604. What is the greatest common divisor of v and 9?
9
Let i(v) be the third derivative of -15*v**2 + 0*v + 0 + 4/3*v**3 + 0*v**4 + 1/60*v**5. Let t be i(4). Calculate the highest common divisor of t and 12.
12
Suppose 8*y = 9*y - 6*y. Suppose y = -5*b + 4*b + 14. What is the highest common divisor of b and 14?
14
Let i be 1/(-46)*-4 + 1928/46. Suppose -8 - 4 = -q. Calculate the greatest common factor of i and q.
6
Let a(w) = 2*w**3 + 8*w**2 - 19*w - 19. Let l be a(5). Calculate the greatest common factor of 630 and l.
42
Let z be 7 + 6 + ((-15)/(-3) - 3). Suppose -2*u + 4*i = -98, -4*u + 172 = z*i - 17*i. Calculate the highest common divisor of u and 328.
41
Suppose 158 = m - 3*t, 2*m = 6*m + 4*t - 632. What is the highest common divisor of 19197 and m?
79
Suppose 25*k = -89150 + 89975. Let o be (-2 - 8/(-3))*3. Suppose o*a + a = 231. Calculate the highest common factor of k and a.
11
Let x be (-16528)/(-18) + 480/(-2160). Calculate the highest common divisor of x and 1734.
102
Let m be (-14)/(-5)*5/(-4)*(-1 - 483). Calculate the highest common divisor of m and 14.
14
Let k(g) = -g**3 - 7*g**2 - 6*g - 6. Let t be k(-7). Let b = -31 + 40. Let m be ((-12)/(-2))/(b/6). What is the highest common divisor of t and m?
4
Let a = -49 + -50. Let r be (-3 - (-1)/3)*a/3. What is the highest common divisor of r and 220?
44
Suppose 3213 + 6415 = 100*u - 9672. What is the highest common divisor of u and 3667?
193
Let u(k) = 41*k + 335. Let r be u(-8). What is the greatest common factor of r and 1253?
7
Let s(b) = -61*b**3 - 42*b**2 - 288*b - 45. Let r be s(-6). Calculate the greatest common divisor of 9 and r.
9
Let v be (2700/4 - -2)*(-5 + 14 + 5). What is the greatest co